b
In base 14, what is -382c3a + -315?
-383151
In base 11, what is 98339 + 18?
98356
In base 14, what is 810 - -7a200?
7aa10
In base 6, what is -20 - 313204543?
-313205003
In base 5, what is 1 + -13444031101?
-13444031100
In base 10, what is -18370289 - -4?
-18370285
In base 13, what is -6c - ab01?
-ab70
In base 4, what is -12021113 + 11211031?
-210022
In base 12, what is 2485a1 - -249?
24882a
In base 11, what is -4a + -2a0382?
-2a0421
In base 12, what is -101a3472 - -4?
-101a346a
In base 10, what is -1324402 + -4?
-1324406
In base 10, what is -1466 - -24753?
23287
In base 13, what is 273 + -2353?
-20b0
In base 7, what is -64150 + -401?
-64551
In base 16, what is 65e6 + -275c?
3e8a
In base 3, what is -11001002012 + 112121112?
-10111110200
In base 15, what is -2209e + 5?
-22099
In base 14, what is 16cdc95 - -5?
16cdc9a
In base 14, what is 2462a + 36a?
24996
In base 3, what is 21000121002121 - -21?
21000121002212
In base 16, what is -4bbd54 - 0?
-4bbd54
In base 7, what is 41626604 + -1?
41626603
In base 14, what is 5 + 124d8c67?
124d8c6c
In base 11, what is -a2 + -83373?
-83465
In base 3, what is 10121120020022211 - -212?
10121120020100200
In base 8, what is 170 + -254622?
-254432
In base 16, what is -1 - 1198ba54?
-1198ba55
In base 15, what is -1a82 + 73a?
-1347
In base 8, what is 160353 + -71?
160262
In base 4, what is 103103132000 + 0?
103103132000
In base 10, what is -4 + 15428297?
15428293
In base 2, what is -100 + 10000000101110001110110?
10000000101110001110010
In base 10, what is 1 - 17924868?
-17924867
In base 11, what is -189 - -852317?
852139
In base 8, what is -21623 - -130?
-21473
In base 12, what is -145a8 - -108?
-144a0
In base 12, what is -60346 - 1bb?
-60545
In base 15, what is 9958ca - -4?
9958ce
In base 4, what is -3 + -12322330121?
-12322330130
In base 2, what is 110000 + 1111101100000101000?
1111101100001011000
In base 14, what is -803b8 + 183?
-80235
In base 2, what is 100 - 10101100101111010001000?
-10101100101111010000100
In base 13, what is 1bc8127c - 3?
1bc81279
In base 6, what is -30011103 + 40?
-30011023
In base 6, what is -10435243 - 31?
-10435314
In base 16, what is -133eb + 251?
-1319a
In base 6, what is 214 + -100104500?
-100104242
In base 16, what is -700 - cb?
-7cb
In base 2, what is 100011011101 - -111101100?
101011001001
In base 12, what is b7a14 - 37?
b7999
In base 5, what is -202203 + -44433?
-302141
In base 13, what is -795b - 11500?
-1915b
In base 15, what is 1 - -773505?
773506
In base 7, what is -3160 - -434125?
430635
In base 11, what is -945a9 + -43?
-94641
In base 12, what is 240717 - 3?
240714
In base 3, what is 122202101201120 - 111?
122202101201002
In base 4, what is -112103331012 - -3?
-112103331003
In base 7, what is -2 - 12203555?
-12203560
In base 5, what is -223340133 + -1220?
-223341403
In base 12, what is -b5b + -41393?
-42332
In base 7, what is 122053552 - 23?
122053526
In base 15, what is -300983 - -1?
-300982
In base 13, what is -14ac1 + -1264?
-16055
In base 3, what is 11022110 - 110002121?
-21210011
In base 6, what is -451030 + -35122?
-530152
In base 16, what is -109 + 9ab2?
99a9
In base 9, what is 10 - -45554453?
45554463
In base 3, what is -2 + -202022122211120120?
-202022122211120122
In base 4, what is -3 - 130010122113?
-130010122122
In base 14, what is -2 + -196dd8?
-196dda
In base 9, what is 216220878 + -4?
216220874
In base 16, what is 9efbad + 1?
9efbae
In base 15, what is 62 - 74992?
-74930
In base 6, what is -134532 + -1412?
-140344
In base 9, what is 5 - -7333028?
7333034
In base 11, what is a518 - -281?
a799
In base 7, what is 43 - 634661653?
-634661610
In base 6, what is -3514553 - -230?
-3514323
In base 11, what is -28a72 + -660?
-29622
In base 14, what is 18449 - -5a?
184a5
In base 13, what is -5 - 4902618?
-4902620
In base 15, what is -b + 242640?
242634
In base 12, what is -34456 + 244?
-34212
In base 12, what is 109089 + -73b?
10854a
In base 11, what is 95a60 - -322?
96282
In base 13, what is -50b + 1b93?
1685
In base 7, what is -4346432 + 3532?
-4342600
In base 2, what is -11100110000101110110101 - -100110?
-11100110000101110001111
In base 11, what is -1a - 3431448?
-3431467
In base 4, what is -1032022011 - 33?
-1032022110
In base 9, what is -1 - 103377?
-103378
In base 15, what is -cc1 + 156a0?
148ce
In base 16, what is 317607f + -2?
317607d
In base 15, what is 37852c + -3?
378529
In base 10, what is 50 + 2942969?
2943019
In base 6, what is 112023342 + -4?
112023334
In base 11, what is 1219 + 4708?
5926
In base 6, what is -4422140212 + -2?
-4422140214
In base 13, what is 98a86c5 + 4?
98a86c9
In base 8, what is -30 + -50475550?
-50475600
In base 3, what is 101020002 - 11202201?
12110101
In base 14, what is 5 - -74ca31?
74ca36
In base 6, what is 1 - 5454340101?
-5454340100
In base 7, what is 24 + 432060?
432114
In base 3, what is -2 + -1101020212012?
-1101020212021
In base 9, what is -1 + 352228612?
352228611
In base 8, what is -243530 - -26035?
-215473
In base 14, what is 66663a9 - 1?
66663a8
In base 6, what is 1322024 + -423?
1321201
In base 14, what is 71c - 5d7?
125
In base 14, what is -44a0 - 5914?
-9db4
In base 8, what is -164 + -274031?
-274215
In base 3, what is -101112200111 + 102?
-101112200002
In base 3, what is 10022 - 2211222122220?
-2211222112121
In base 16, what is 0 + 1d3b9e?
1d3b9e
In base 11, what is 2 - 1635a83?
-1635a81
In base 4, what is -230022203 + 123?
-230022020
In base 14, what is 4 + -193a11?
-193a0b
In base 8, what is -254 + -3077332?
-3077606
In base 14, what is -2949 + 1304?
-1645
In base 14, what is -3177d0 + 243?
-31758b
In base 16, what is 4 - -17e97f?
17e983
In base 12, what is 247aaba3 + -2?
247aaba1
In base 15, what is -132 - 156ea?
-1582c
In base 4, what is -31211 - 113220000?
-113311211
In base 10, what is -8084 - -14630?
6546
In base 3, what is 120 - 1102012110211010?
-1102012110210120
In base 14, what is 7136a4a - -3?
7136a4d
In base 11, what is -69517 - -6?
-69511
In base 15, what is -ec - -45bac?
45ab0
In base 6, what is 4 - 300312?
-300304
In base 8, what is -136147031 + 6?
-136147023
In base 8, what is 111 + -37502?
-37371
In base 16, what is -58d4d3 - a?
-58d4dd
In base 3, what is 1000212100011 + 10212?
1000212111000
In base 9, what is 1187420 + 12?
1187432
In base 13, what is 5175b + -872?
50bb9
In base 12, what is b4838 + 16?
b4852
In base 16, what is -43e706 + 4?
-43e702
In base 12, what is 64ab + -4321?
218a
In base 6, what is -4 + -100335012?
-100335020
In base 10, what is 1795 - -992?
2787
In base 5, what is 3123 + 104041414?
104100042
In base 9, what is -146765540 - 6?
-146765546
In base 2, what is 1101001110110 + -100100110011?
1000101000011
In base 7, what is 25100653 + 2?
25100655
In base 5, what is 22001343 - -242?
22002140
In base 8, what is 30263 + 170043?
220326
In base 16, what is -535ef8 - 5?
-535efd
In base 13, what is 14 + 1672b?
16742
In base 12, what is -321164 - -5?
-32115b
In base 16, what is -1019c6 + 127?
-10189f
In base 10, what is -100084 - -7?
-100077
In base 11, what is 9531 - -4a64?
13495
In base 12, what is 1679 + a51?
250a
In base 13, what is 2551484 - -3?
2551487
In base 11, what is -72659071 + -2?
-72659073
In base 6, what is -2 + -1254442155?
-1254442201
In base 9, what is -10 + -4603051?
-4603061
In base 16, what is 2 - -8b8b9?
8b8bb
In base 16, what is -17cced8 + 3?
-17cced5
In base 5, what is 1211 + -2302343221?
-2302342010
In base 8, what is 156637 - -47?
156706
In base 6, what is 101335044 + 11?
101335055
In base 11, what is -102a + -21924?
-22953
In base 4, what is -110110 + -2023222?
-2133332
In base 3, what is 110220022000110211 - -10?
110220022000110221
In base 7, what is 1464362 + -343?
1464016
In base 11, what is -1098 + 202?
-996
In base 16, what is -8 + -130788?
-130790
In base 2, what is 10111000100100000 - 100111000?
10110111111101000
In base 7, what is 302302 + -1663?
300306
In base 14, what is 4a113cc - -1?
4a113cd
In base 13, what is 31b8944 + -4?
31b8940
In base 7, what is 3154230 + -362?
3153535
In base 13, what is -43 - 9c2980?
-9c29c3
In base 7, what is 45 - -4250435?
4250513
In base 8, what is -2534306 + -1?
-2534307
In base 3, what is 11100112222022110 - 0?
11100112222022110
In base 10, what is 5 - -6863416?
6863421
In base 15, what is -2336a7a9 - -3?
-2336a7a6
I